7
What is the remainder when 20221 is divided by 5031?
97
Calculate the remainder when 14887 is divided by 1359.
1297
Calculate the remainder when 317 is divided by 261.
56
Calculate the remainder when 5105 is divided by 616.
177
Calculate the remainder when 93124 is divided by 149.
148
Calculate the remainder when 45226 is divided by 6398.
440
Calculate the remainder when 4605 is divided by 35.
20
What is the remainder when 110618 is divided by 31?
10
Calculate the remainder when 41854 is divided by 115.
109
What is the remainder when 2127 is divided by 355?
352
What is the remainder when 199357 is divided by 19?
9
What is the remainder when 133601 is divided by 506?
17
What is the remainder when 1107189 is divided by 10?
9
What is the remainder when 68111 is divided by 451?
10
What is the remainder when 24178 is divided by 173?
131
Calculate the remainder when 9159 is divided by 57.
39
Calculate the remainder when 1641 is divided by 104.
81
What is the remainder when 94849 is divided by 22?
7
What is the remainder when 3660 is divided by 47?
41
What is the remainder when 248413 is divided by 32?
29
What is the remainder when 1411 is divided by 977?
434
Calculate the remainder when 126214 is divided by 133.
130
Calculate the remainder when 8583550 is divided by 192.
190
What is the remainder when 1082 is divided by 224?
186
Calculate the remainder when 12643 is divided by 6140.
363
Calculate the remainder when 56937 is divided by 30.
27
Calculate the remainder when 23306 is divided by 2117.
19
Calculate the remainder when 13725 is divided by 102.
57
What is the remainder when 21433 is divided by 550?
533
Calculate the remainder when 45531 is divided by 15123.
162
What is the remainder when 577846 is divided by 650?
646
What is the remainder when 3923 is divided by 1466?
991
Calculate the remainder when 1167888 is divided by 233574.
18
Calculate the remainder when 98806 is divided by 1063.
1010
Calculate the remainder when 40897 is divided by 347.
298
What is the remainder when 60843 is divided by 212?
211
What is the remainder when 5934 is divided by 56?
54
What is the remainder when 17988 is divided by 2247?
12
Calculate the remainder when 37444 is divided by 1065.
169
What is the remainder when 7332 is divided by 8?
4
What is the remainder when 153320 is divided by 311?
308
Calculate the remainder when 3658 is divided by 193.
184
What is the remainder when 3365542 is divided by 52?
50
What is the remainder when 95669 is divided by 31886?
11
What is the remainder when 246400 is divided by 1688?
1640
Calculate the remainder when 33830 is divided by 118.
82
Calculate the remainder when 10381 is divided by 50.
31
Calculate the remainder when 1348 is divided by 321.
64
Calculate the remainder when 3524 is divided by 138.
74
Calculate the remainder when 43521 is divided by 2560.
1
Calculate the remainder when 4539386 is divided by 727.
725
What is the remainder when 1411 is divided by 344?
35
Calculate the remainder when 791025 is divided by 323.
321
Calculate the remainder when 144263 is divided by 949.
15
Calculate the remainder when 105501 is divided by 16.
13
What is the remainder when 6321 is divided by 3022?
277
What is the remainder when 391 is divided by 59?
37
What is the remainder when 7310 is divided by 458?
440
Calculate the remainder when 7546 is divided by 567.
175
What is the remainder when 170155 is divided by 6076?
27
Calculate the remainder when 19204 is divided by 409.
390
Calculate the remainder when 2349317 is divided by 39.
35
Calculate the remainder when 25613 is divided by 44.
5
What is the remainder when 3116403 is divided by 34?
31
Calculate the remainder when 17163 is divided by 2443.
62
Calculate the remainder when 6790 is divided by 73.
1
Calculate the remainder when 2984 is divided by 1077.
830
Calculate the remainder when 271624 is divided by 436.
432
What is the remainder when 3631 is divided by 87?
64
What is the remainder when 24664 is divided by 24522?
142
Calculate the remainder when 60790 is divided by 965.
960
Calculate the remainder when 3237 is divided by 235.
182
Calculate the remainder when 86729 is divided by 876.
5
Calculate the remainder when 134149 is divided by 26.
15
What is the remainder when 120169 is divided by 198?
181
What is the remainder when 391 is divided by 92?
23
Calculate the remainder when 722 is divided by 80.
2
What is the remainder when 17015 is divided by 899?
833
What is the remainder when 184181 is divided by 616?
613
What is the remainder when 171099 is divided by 91?
19
What is the remainder when 2696 is divided by 75?
71
What is the remainder when 64161 is divided by 103?
95
Calculate the remainder when 6923 is divided by 22.
15
Calculate the remainder when 41077 is divided by 105.
22
What is the remainder when 277322 is divided by 213?
209
What is the remainder when 6000 is divided by 286?
280
What is the remainder when 84387 is divided by 14061?
21
What is the remainder when 14505 is divided by 89?
87
Calculate the remainder when 1219 is divided by 577.
65
Calculate the remainder when 19989 is divided by 61.
42
What is the remainder when 3897 is divided by 1280?
57
Calculate the remainder when 6462 is divided by 647.
639
What is the remainder when 48763 is divided by 8126?
7
Calculate the remainder when 106903 is divided by 1009.
958
What is the remainder when 103884 is divided by 11540?
24
What is the remainder when 13348 is divided by 218?
50
What is the remainder when 23314 is divided by 804?
802
What is the remainder when 76768 is divided by 25562?
82
Calculate the remainder when 8057 is divided by 504.
497
What is the remainder when 46078 is divided by 120?
118
Calculate the remainder when 27632 is divided by 64.
48
What is the remainder when 204748 is divided by 9?
7
What is the remainder when 375460 is divided by 102?
100
What is the remainder when 1479 is divided by 737?
5
Calculate the remainder when 209798 is divided by 438.
434
What is the remainder when 14466 is divided by 315?
291
Calculate the remainder when 3550007 is divided by 264.
263
Calculate the remainder when 59374 is divided by 16.
14
What is the remainder when 2625 is divided by 2611?
14
What is the remainder when 260164 is divided by 393?
391
What is the remainder when 72498 is divided by 2071?
13
Calculate the remainder when 59376 is divided by 22.
20
Calculate the remainder when 289813 is divided by 2131.
2128
What is the remainder when 39646 is divided by 5639?
173
Calculate the remainder when 154824 is divided by 44.
32
What is the remainder when 529 is divided by 5?
4
What is the remainder when 61510 is divided by 38?
26
What is the remainder when 4700979 is divided by 890?
889
What is the remainder when 6552 is divided by 854?
574
What is the remainder when 144318 is divided by 111?
18
What is the remainder when 349516 is divided by 29?
8
Calculate the remainder when 127022 is divided by 44.
38
Calculate the remainder when 1491 is divided by 389.
324
What is the remainder when 10201 is divided by 383?
243
Calculate the remainder when 23494 is divided by 9.
4
What is the remainder when 811013 is divided by 158?
157
What is the remainder when 49048 is divided by 183?
4
Calculate the remainder when 48500 is divided by 539.
529
What is the remainder when 58366 is divided by 87?
76
Calculate the remainder when 10911 is divided by 1212.
3
What is the remainder when 71282 is divided by 77?
57
Calculate the remainder when 225841 is divided by 225800.
41
Calculate the remainder when 218786 is divided by 13.
9
Calculate the remainder when 14119 is divided by 281.
69
Calculate the remainder when 4018 is divided by 22.
14
Calculate the remainder when 9471 is divided by 723.
72
What is the remainder when 4877 is divided by 491?
458
What is the remainder when 38932 is divided by 378?
376
Calculate the remainder when 5706799 is divided by 79.
76
Calculate the remainder when 2773368 is divided by 45.
18
Calculate the remainder when 994 is divided by 23.
5
What is the remainder when 21511 is divided by 21498?
13
Calculate the remainder when 14552 is divided by 130.
122
What is the remainder when 131573 is divided by 16440?
53
Calculate the remainder when 369551 is divided by 43.
9
What is the remainder when